{"id":8,"date":"2016-09-12T08:20:57","date_gmt":"2016-09-12T06:20:57","guid":{"rendered":"http:\/\/peterundpaul-choere.de\/chor_wp\/?page_id=8"},"modified":"2016-09-13T07:54:14","modified_gmt":"2016-09-13T05:54:14","slug":"ueber-uns","status":"publish","type":"page","link":"https:\/\/peterundpaul-choere.de\/chor_wp\/index.php\/ueber-uns\/","title":{"rendered":"\u00dcber uns"},"content":{"rendered":"<p>Auf den folgenden Seiten finden Sie alles Wissenswerte \u00fcber Chor, Leiter und Mitglieder. Au\u00dferdem Informationen, falls Sie sich \u00fcberlegen mitzusingen.<\/p>\n","protected":false},"excerpt":{"rendered":"<p>Auf den folgenden Seiten finden Sie alles Wissenswerte \u00fcber Chor, Leiter und Mitglieder. Au\u00dferdem Informationen, falls Sie sich \u00fcberlegen mitzusingen.<\/p>\n","protected":false},"author":1,"featured_media":0,"parent":0,"menu_order":0,"comment_status":"closed","ping_status":"closed","template":"","meta":{"Layout":"","footnotes":""},"class_list":["entry","author-sloeb","post-8","page","type-page","status-publish"],"_links":{"self":[{"href":"https:\/\/peterundpaul-choere.de\/chor_wp\/index.php\/wp-json\/wp\/v2\/pages\/8","targetHints":{"allow":["GET"]}}],"collection":[{"href":"https:\/\/peterundpaul-choere.de\/chor_wp\/index.php\/wp-json\/wp\/v2\/pages"}],"about":[{"href":"https:\/\/peterundpaul-choere.de\/chor_wp\/index.php\/wp-json\/wp\/v2\/types\/page"}],"author":[{"embeddable":true,"href":"https:\/\/peterundpaul-choere.de\/chor_wp\/index.php\/wp-json\/wp\/v2\/users\/1"}],"replies":[{"embeddable":true,"href":"https:\/\/peterundpaul-choere.de\/chor_wp\/index.php\/wp-json\/wp\/v2\/comments?post=8"}],"version-history":[{"count":3,"href":"https:\/\/peterundpaul-choere.de\/chor_wp\/index.php\/wp-json\/wp\/v2\/pages\/8\/revisions"}],"predecessor-version":[{"id":56,"href":"https:\/\/peterundpaul-choere.de\/chor_wp\/index.php\/wp-json\/wp\/v2\/pages\/8\/revisions\/56"}],"wp:attachment":[{"href":"https:\/\/peterundpaul-choere.de\/chor_wp\/index.php\/wp-json\/wp\/v2\/media?parent=8"}],"curies":[{"name":"wp","href":"https:\/\/api.w.org\/{rel}","templated":true}]}}